factors of 397174115?
5, 13, 6110371
What are the prime factors of 1059457115?
5, 9739, 21757
List the prime factors of 678990780.
2, 3, 5, 13, 79, 3673
List the prime factors of 1668331438.
2, 834165719
What are the prime factors of 74620488?
2, 3, 3109187
List the prime factors of 42860713.
7, 19, 322261
List the prime factors of 516696056.
2, 281, 229847
List the prime factors of 20334771.
3, 17, 29, 4583
What are the prime factors of 168883362?
2, 3, 19, 493811
List the prime factors of 315313378.
2, 107, 271, 5437
What are the prime factors of 81312370?
2, 5, 8131237
List the prime factors of 533880156.
2, 3, 44490013
List the prime factors of 73134660.
2, 3, 5, 1218911
What are the prime factors of 488145797?
12277, 39761
List the prime factors of 42247397.
17, 1489, 1669
List the prime factors of 2177032197.
3, 725677399
List the prime factors of 141548223.
3, 47182741
What are the prime factors of 202987952?
2, 12686747
What are the prime factors of 1264670260?
2, 5, 7, 9033359
What are the prime factors of 4188801323?
7, 598400189
What are the prime factors of 82259161?
41, 769, 2609
What are the prime factors of 16906807?
1787, 9461
List the prime factors of 154116573.
3, 13, 3951707
What are the prime factors of 73627640?
2, 5, 67, 83, 331
List the prime factors of 175620940.
2, 5, 11, 139, 5743
List the prime factors of 1272720.
2, 3, 5, 5303
List the prime factors of 43530402.
2, 3, 7255067
What are the prime factors of 82236028?
2, 7, 19, 154579
List the prime factors of 1674529454.
2, 13, 64404979
What are the prime factors of 418201521?
3, 139400507
List the prime factors of 20221810.
2, 5, 7, 41269
List the prime factors of 11679349.
11, 1061759
List the prime factors of 2966735136.
2, 3, 30903491
List the prime factors of 170969990.
2, 5, 313, 54623
List the prime factors of 149390876.
2, 1583, 23593
What are the prime factors of 20866278?
2, 3, 3477713
What are the prime factors of 409206768?
2, 3, 8525141
What are the prime factors of 617156412?
2, 3, 3169, 16229
What are the prime factors of 599404299?
3, 13, 307, 3851
What are the prime factors of 972872472?
2, 3, 11, 13, 257, 1103
List the prime factors of 3463986960.
2, 3, 5, 7, 687299
What are the prime factors of 506136846?
2, 3, 1361, 61981
List the prime factors of 90598344.
2, 3, 179, 21089
What are the prime factors of 26955466?
2, 13477733
List the prime factors of 99110550.
2, 3, 5, 7, 11, 8581
List the prime factors of 67592572.
2, 16898143
What are the prime factors of 2483330353?
7, 41, 199, 43481
List the prime factors of 96128846.
2, 11, 17, 41, 6269
What are the prime factors of 70333545?
3, 5, 4688903
What are the prime factors of 11787132?
2, 3, 7, 23, 6101
List the prime factors of 55384743.
3, 18461581
List the prime factors of 3824654972.
2, 956163743
What are the prime factors of 444920106?
2, 3, 74153351
List the prime factors of 57817869.
3, 467, 41269
List the prime factors of 510342751.
331, 1541821
What are the prime factors of 1047334608?
2, 3, 97, 773
What are the prime factors of 1697928857?
1697928857
List the prime factors of 142169206.
2, 83, 856441
List the prime factors of 55824802.
2, 11, 67, 313
What are the prime factors of 59243269?
59243269
List the prime factors of 370786.
2, 13, 1097
What are the prime factors of 2644846355?
5, 7537, 70183
What are the prime factors of 1001825967?
3, 29, 197, 58453
List the prime factors of 534201029.
534201029
List the prime factors of 77248976.
2, 7, 689723
What are the prime factors of 46408625?
5, 139, 2671
List the prime factors of 320015725.
5, 29, 191, 2311
What are the prime factors of 805379510?
2, 5, 13, 677, 9151
List the prime factors of 559928602.
2, 1811, 154591
List the prime factors of 534009734.
2, 199, 1341733
What are the prime factors of 3277165010?
2, 5, 7, 29, 1614367
What are the prime factors of 1666841427?
3, 185204603
List the prime factors of 2452466158.
2, 22573, 54323
List the prime factors of 23016980.
2, 5, 7, 17, 19, 509
What are the prime factors of 87971619?
3, 23, 983, 1297
List the prime factors of 74023358.
2, 1291, 28669
List the prime factors of 1905522785.
5, 381104557
List the prime factors of 50074335.
3, 5, 23, 16127
List the prime factors of 1883608208.
2, 2333, 50461
List the prime factors of 4765428400.
2, 5, 83, 143537
List the prime factors of 316327879.
7, 617, 10463
What are the prime factors of 31050723?
3, 11, 940931
What are the prime factors of 56740201?
7, 8105743
What are the prime factors of 75811221?
3, 829, 1129
List the prime factors of 2958146754.
2, 3, 493024459
List the prime factors of 1779533040.
2, 3, 5, 113, 65617
List the prime factors of 41882611.
17, 2463683
List the prime factors of 1527653457.
3, 11, 15430843
List the prime factors of 25085136.
2, 3, 73, 7159
List the prime factors of 175496966.
2, 47, 1866989
What are the prime factors of 692147351?
7, 98878193
What are the prime factors of 108612076?
2, 29, 936311
What are the prime factors of 4332649?
4332649
List the prime factors of 911007.
3, 23, 163
List the prime factors of 1267424939.
11, 3041, 37889
What are the prime factors of 6997063?
6997063
List the prime factors of 47468090.
2, 5, 23, 206383
List the prime factors of 121148064.
2, 3, 37, 11369
List the prime factors of 1835813309.
11, 166892119
List the prime factors of 5926753233.
3, 181, 44917
What are the prime factors of 1090618627?
7, 97, 229459
List the prime factors of 9417552120.
2, 3, 5, 43, 608369
List the prime factors of 49263315.
3, 5, 29, 269, 421
List the prime factors of 229611946.
2, 114805973
What are the prime factors of 182478154?
2, 37, 43, 57347
What are the prime factors of 160569967?
9619, 16693
What are the prime factors of 2934057363?
3, 978019121
List the prime factors of 4230422138.
2, 181, 2851, 4099
What are the prime factors of 42027483?
3, 677, 20693
What are the prime factors of 1381316794?
2, 11, 13, 4829779
List the prime factors of 177793021.
7, 17, 30491
List the prime factors of 3803626460.
2, 5, 1429, 133087
What are the prime factors of 166189806?
2, 3, 653, 1571
What are the prime factors of 2247537734?
2, 13, 17, 5084927
List the prime factors of 116168341.
2753, 42197
What are the prime factors of 636320?
2, 5, 41, 97
What are the prime factors of 247068017?
7, 35295431
What are the prime factors of 54756772?
2, 7, 61, 32059
List the prime factors of 1802301123.
3, 7, 281, 305423
List the prime factors of 1525246969.
103, 14808223
What are the prime factors of 1647487082?
2, 823743541
List the prime factors of 439118865.
3, 5, 9758197
List the prime factors of 14609327.
167, 87481
List the prime factors of 24638569.
107, 409, 563
List the prime factors of 44059260.
2, 3, 5, 7, 23, 4561
List the prime factors of 50157445.
5, 13, 771653
What are the prime factors of 120125624?
2, 419, 35837
What are the prime factors of 3000121068?
2, 3, 7, 35715727
What are the prime factors of 107860116?
2, 3, 7, 13, 98773
List the prime factors of 334289613.
3, 7, 23, 98873
List the prime factors of 103276342.
2, 13, 3972167
List the prime factors of 5315373031.
5315373031
List the prime factors of 82444641.
3, 151, 181997
List the prime factors of 128374640.
2, 5, 19, 84457
List the prime factors of 105001253.
7, 15000179
List the prime factors of 5382389.
1471, 3659
What are the prime factors of 99618873?
3, 461, 72031
List the prime factors of 376896847.
29, 541, 24023
What are the prime factors of 26372024?
2, 7, 487, 967
List the prime factors of 7857956229.
3, 31, 41, 347, 5939
List the prime factors of 46939603.
29, 1049, 1543
What are the prime factors of 1101842496?
2, 3, 1912921
What are the prime factors of 308423753?
11, 757, 37039
What are the prime factors of 517046968?
2, 337, 191783
List the prime factors of 203196317.
19, 107, 127, 787
What are the prime factors of 15154873?
53, 73, 3917
List the prime factors of 62407575.
3, 5, 61, 4547
What are the prime factors of 2063545918?
2, 7, 17, 709, 1747
What are the prime factors of 59549169?
3, 37, 536479
List the prime factors of 907455108.
2, 3, 7, 1543291
List the prime factors of 380891691.
3, 1913, 22123
What are the prime factors of 287813161?
53, 673, 8069
List the prime factors of 79391807.
11, 73, 98869
List